25
65a8 (base 16) to base 9
38625
36040 (base 9) to base 4
11320131
Convert -166a (base 11) to base 2.
-100001010101
What is -8b8 (base 14) in base 4?
-123002
Convert 122211 (base 3) to base 16.
1e1
-14993 (base 11) to base 6
-241540
What is -100012220 (base 3) in base 6?
-51040
What is -2d43 (base 14) in base 2?
-1111110011111
10001200100 (base 3) to base 14
17d73
What is -13443 (base 5) in base 12?
-797
What is e7d (base 16) in base 2?
111001111101
-18930 (base 12) to base 13
-1344c
Convert -7c18 (base 13) to base 3.
-212220111
-100010101111000 (base 2) to base 10
-17784
What is 55221 (base 7) in base 13?
63b1
Convert -41326 (base 8) to base 16.
-42d6
-21200 (base 4) to base 16
-260
-1021 (base 7) to base 14
-1b8
What is 7328 (base 10) in base 3?
101001102
Convert 1412 (base 7) to base 4.
20210
What is 200 (base 15) in base 16?
1c2
Convert -3555 (base 7) to base 15.
-5c9
Convert 101435 (base 8) to base 6.
415221
What is 2621 (base 9) in base 8?
3653
20440 (base 5) to base 14
6dc
-440401 (base 6) to base 10
-36433
Convert -1244 (base 8) to base 10.
-676
What is 1a58 (base 15) in base 5?
140313
Convert 12a (base 15) to base 10.
265
Convert 137 (base 16) to base 11.
263
Convert 115340 (base 7) to base 16.
526a
1368 (base 9) to base 4
100022
What is 6414 (base 9) in base 15?
15e1
11202 (base 4) to base 13
213
What is 231 (base 14) in base 10?
435
What is 398 (base 10) in base 3?
112202
What is -2646 (base 16) in base 5?
-303143
Convert -12020202 (base 4) to base 10.
-25122
What is -5140 (base 6) in base 3?
-1120020
-2110 (base 4) to base 12
-104
Convert 1321 (base 8) to base 10.
721
Convert e9 (base 15) to base 10.
219
What is -41 (base 16) in base 6?
-145
10010010110 (base 2) to base 7
3265
What is 6d85 (base 15) in base 6?
255512
Convert -8256 (base 11) to base 2.
-10101011000111
Convert -20430 (base 6) to base 16.
-ac2
Convert 6937 (base 13) to base 4.
3212131
Convert 110110000010 (base 2) to base 11.
2664
332112 (base 4) to base 5
111430
Convert d3d (base 15) to base 6.
21451
What is 146 (base 10) in base 13?
b3
Convert -1101221 (base 3) to base 4.
-100000
4340 (base 8) to base 11
1786
What is f5a (base 16) in base 6?
30110
Convert -4889 (base 14) to base 6.
-134345
-1100110 (base 2) to base 8
-146
What is 164 (base 12) in base 3?
22011
What is -11247 (base 11) in base 8?
-37611
Convert 458 (base 14) to base 16.
35e
What is 3710 (base 11) in base 14?
1aa7
What is 21113 (base 4) in base 12?
41b
What is -e15 (base 16) in base 9?
-4845
-14b (base 16) to base 14
-199
-363c (base 13) to base 14
-2b0c
What is 200122 (base 3) in base 14?
27d
What is -1121002 (base 3) in base 7?
-3251
a2e (base 16) to base 2
101000101110
-3101 (base 4) to base 6
-545
What is 219 (base 16) in base 11?
449
-63274 (base 8) to base 13
-bc81
What is -205 (base 11) in base 2?
-11110111
-24441 (base 6) to base 16
-e29
Convert -14ca (base 13) to base 8.
-5737
What is -1212120 (base 3) in base 2?
-10101010101
-1052 (base 9) to base 3
-1001202
Convert 113104 (base 7) to base 8.
47502
What is -120001000 (base 3) in base 8?
-25322
Convert 17890 (base 12) to base 16.
852c
Convert -4046 (base 8) to base 3.
-2212021
239 (base 10) to base 8
357
Convert 364 (base 13) to base 10.
589
What is -406 (base 11) in base 13?
-2b9
What is -101100101100 (base 2) in base 6?
-21124
What is ade (base 16) in base 7?
11053
What is 132122 (base 5) in base 9?
7224
What is 435 (base 10) in base 16?
1b3
Convert 6a4 (base 14) to base 8.
2450
What is -111416 (base 7) in base 2?
-100110100110000
What is -1412423 (base 5) in base 4?
-13012321
-1101102120 (base 3) to base 2
-110101010010101
Convert -3ca (base 14) to base 11.
-637
331ac (base 13) to base 12
456b5
Convert -14b44 (base 13) to base 14.
-10448
3064 (base 13) to base 16
1a11
What is -15311 (base 7) in base 4?
-1002233
102201120 (base 3) to base 6
103323
-260 (base 16) to base 10
-608
What is 10210 (base 3) in base 11?
93
What is -136bc (base 15) in base 11?
-42876
Convert 15e (base 16) to base 2.
101011110
479 (base 11) to base 14
2ca
What is -10331230 (base 4) in base 7?
-113164
Convert 21130101 (base 4) to base 16.
9711
What is 17310 (base 8) in base 7?
31655
What is -10202221 (base 4) in base 3?
-221111221
Convert -1330 (base 5) to base 3.
-21222
-226136 (base 7) to base 14
-10ac6
Convert 141254 (base 6) to base 5.
411112
What is 45 (base 7) in base 13?
27
c204 (base 14) to base 12
17350
Convert -1539 (base 14) to base 6.
-25251
What is -311 (base 10) in base 16?
-137
What is 13201 (base 4) in base 12?
341
-22975 (base 11) to base 16
-815b
Convert 478 (base 13) to base 12.
547
What is -39313 (base 11) in base 4?
-31233113
What is f2af (base 16) in base 15?
1361c
Convert -32435 (base 7) to base 16.
-1faf
What is b (base 13) in base 7?
14
1033 (base 7) to base 8
557
Convert 53e (base 15) to base 11.
987
Convert 458 (base 12) to base 13.
3a7
Convert 1bfb (base 16) to base 2.
1101111111011
What is -b3 (base 15) in base 9?
-206
-143333 (base 7) to base 3
-1101212122
What is -694 (base 11) in base 2?
-1100111101
What is -72aa (base 11) in base 2?
-10010111001111
Convert 31 (base 14) to base 2.
101011
-17575 (base 10) to base 13
-7ccc
What is -19649 (base 11) in base 6?
-330503
What is 74250 (base 8) in base 4?
13202220
What is 655 (base 14) in base 11?
a38
What is -2304243 (base 5) in base 7?
-231053
Convert 2667 (base 8) to base 3.
2000012
What is 107 (base 9) in base 11?
80
What is 22200110 (base 3) in base 13?
2b5c
Convert 127223 (base 8) to base 3.
2021022020
2a6 (base 13) to base 16
1da
What is 716 (base 10) in base 9?
875
Convert 25022 (base 6) to base 2.
111001100110
What is -403034 (base 7) in base 11?
-47335
What is -1b5c (base 16) in base 8?
-15534
1111100 (base 2) to base 6
324
Convert -2010212012 (base 3) to base 4.
-22103003
Convert 2252 (base 6) to base 8.
1030
493d (base 14) to base 10
12795
What is 7213 (base 12) in base 16?
306f
1487 (base 11) to base 4
131312
27d (base 15) to base 8
1070
-101000011 (base 2) to base 5
-2243
Convert 2a38 (base 12) to base 3.
20202222
-192 (base 13) to base 3
-101200
11001102 (base 3) to base 16
b8a
Convert -22110 (base 3) to base 9.
-273
What is 540 (base 13) in base 10?
897
Convert -5a7d (base 14) to base 9.
-23585
2b02 (base 14) to base 6
55222
Convert 121200 (base 4) to base 15.
73c
Convert -446 (base 9) to base 6.
-1410
13c (base 14) to base 2
11111010
What is -205430 (base 7) in base 10?
-35546
22012212 (base 3) to base 6
43422
What is 14349 (base 11) in base 9?
30855
What is -4b7 (base 12) in base 4?
-23023
What is 1456 (base 10) in base 3?
1222221
Convert 482 (base 9) to base 11.
332
2795 (base 13) to base 16
1643
What is 111233 (base 4) in base 5?
21031
2647 (base 8) to base 12
a07
What is 21033130 (base 4) in base 10?
37852
Convert -101001000010 (base 2) to base 5.
-41001
Convert 23433 (base 5) to base 11.
1345
Convert 403000 (base 5) to base 7.
52352
-5bb3 (base 14) to base 8
-37241
What is -100001001 (base 2) in base 6?
-1121
Convert 102461 (base 7) to base 11.
12360
What is 97c5 (base 14) in base 16?
6681
What is 1060b (base 14) in base 7?
223314
2313 (base 7) to base 9
1136
Convert -55460 (base 9) to base 3.
-1212112000
1001100001 (base 2) to base 6
2453
Convert 18a4 (base 12) to base 2.
101110111100
-7624 (base 10) to base 11
-5801
Convert 1311244 (base 5) to base 2.
110010011100000
What is -112000012 (base 3) in base 10?
-10211
Convert 1000001101110 (base 2) to base 16.
106e
Convert -10422 (base 7) to base 5.
-40423
Convert 646 (base 8) to base 5.
3142
Convert 4905 (base 11) to base 15.
1d7d
Convert -1615 (base 7) to base 10.
-649
-33662 (base 10) to base 15
-9e92
-122220 (base 3) to base 13
-2b2
What is 5547 (base 8) in base 10?
2919
87c (base 15) to base 3
2122000
-5330 (base 10) to base 9
-7272
What is 113034 (base 5) in base 9?
5614
Convert 34240 (base 7) to base 8.
20775
-100011001110111 (base 2) to base 8
-43167
568 (base 16) to base 2
10101101000
139 (base 13) to base 15
e7
1a47 (base 15) to base 12
3364
What is 881 (base 13) in base 11?
1105
1507 (base 8) to base 14
43d
14722 (base 8) to base 11
4a6a
-20110010 (base 4) to base 12
-17858
What is -c30a (base 14) in base 9?
-50881
Convert 1558c (base 13) to base 8.
117073
1975 (base 15) to base 4
1112012
What is 2c08 (base 1